undreds digit of 114695?
6
What is the thousands digit of 26319?
6
What is the tens digit of 3046?
4
What is the units digit of 18823?
3
What is the ten thousands digit of 154628?
5
What is the hundreds digit of 97588?
5
What is the ten thousands digit of 76937?
7
What is the hundreds digit of 9082?
0
What is the hundreds digit of 1807?
8
What is the units digit of 12163?
3
What is the thousands digit of 54618?
4
What is the units digit of 1914?
4
What is the thousands digit of 3879?
3
What is the thousands digit of 8037?
8
What is the units digit of 16093?
3
What is the thousands digit of 3376?
3
What is the tens digit of 6225?
2
What is the tens digit of 84?
8
What is the hundreds digit of 451?
4
What is the tens digit of 3206?
0
What is the units digit of 1980?
0
What is the hundreds digit of 12961?
9
What is the units digit of 7119?
9
What is the hundreds digit of 261?
2
What is the tens digit of 187?
8
What is the tens digit of 1839?
3
What is the tens digit of 1311?
1
What is the thousands digit of 17853?
7
What is the units digit of 5368?
8
What is the units digit of 82820?
0
What is the tens digit of 6836?
3
What is the hundreds digit of 160?
1
What is the tens digit of 903?
0
What is the units digit of 11243?
3
What is the units digit of 828?
8
What is the tens digit of 3341?
4
What is the tens digit of 1201?
0
What is the tens digit of 1628?
2
What is the units digit of 8435?
5
What is the hundreds digit of 27424?
4
What is the thousands digit of 2043?
2
What is the units digit of 629?
9
What is the ten thousands digit of 12707?
1
What is the ten thousands digit of 63065?
6
What is the units digit of 395?
5
What is the tens digit of 130?
3
What is the ten thousands digit of 66843?
6
What is the tens digit of 600?
0
What is the units digit of 4247?
7
What is the ten thousands digit of 12787?
1
What is the tens digit of 5274?
7
What is the tens digit of 717?
1
What is the ten thousands digit of 139670?
3
What is the thousands digit of 38527?
8
What is the tens digit of 776?
7
What is the ten thousands digit of 54946?
5
What is the hundreds digit of 23403?
4
What is the hundreds digit of 3491?
4
What is the hundreds digit of 986?
9
What is the tens digit of 1800?
0
What is the tens digit of 29?
2
What is the thousands digit of 23561?
3
What is the hundreds digit of 953?
9
What is the units digit of 10?
0
What is the units digit of 1199?
9
What is the ten thousands digit of 60975?
6
What is the hundreds digit of 2297?
2
What is the ten thousands digit of 38516?
3
What is the hundred thousands digit of 167150?
1
What is the ten thousands digit of 77430?
7
What is the units digit of 950?
0
What is the hundreds digit of 3106?
1
What is the thousands digit of 16279?
6
What is the tens digit of 44812?
1
What is the units digit of 23842?
2
What is the units digit of 790?
0
What is the units digit of 52785?
5
What is the units digit of 6980?
0
What is the hundreds digit of 5340?
3
What is the hundreds digit of 982?
9
What is the tens digit of 585?
8
What is the units digit of 4003?
3
What is the thousands digit of 19701?
9
What is the tens digit of 913?
1
What is the thousands digit of 4726?
4
What is the tens digit of 2365?
6
What is the thousands digit of 1549?
1
What is the units digit of 1034?
4
What is the thousands digit of 73310?
3
What is the thousands digit of 3795?
3
What is the tens digit of 31944?
4
What is the units digit of 4277?
7
What is the hundreds digit of 1595?
5
What is the thousands digit of 34933?
4
What is the units digit of 270?
0
What is the thousands digit of 26065?
6
What is the tens digit of 4329?
2
What is the thousands digit of 18427?
8
What is the thousands digit of 2676?
2
What is the ten thousands digit of 17442?
1
What is the thousands digit of 4306?
4
What is the hundreds digit of 344?
3
What is the thousands digit of 5148?
5
What is the hundreds digit of 24527?
5
What is the tens digit of 8981?
8
What is the thousands digit of 14367?
4
What is the hundreds digit of 87934?
9
What is the ten thousands digit of 45025?
4
What is the units digit of 1482?
2
What is the ten thousands digit of 124914?
2
What is the tens digit of 11087?
8
What is the thousands digit of 22185?
2
What is the tens digit of 145?
4
What is the hundreds digit of 100449?
4
What is the thousands digit of 23825?
3
What is the units digit of 4233?
3
What is the thousands digit of 1450?
1
What is the thousands digit of 2085?
2
What is the hundreds digit of 2433?
4
What is the tens digit of 21516?
1
What is the tens digit of 37731?
3
What is the units digit of 14517?
7
What is the units digit of 7097?
7
What is the units digit of 2487?
7
What is the ten thousands digit of 27302?
2
What is the hundreds digit of 55840?
8
What is the hundreds digit of 1838?
8
What is the tens digit of 1534?
3
What is the units digit of 2705?
5
What is the units digit of 3152?
2
What is the thousands digit of 3020?
3
What is the hundreds digit of 12282?
2
What is the units digit of 21?
1
What is the units digit of 13840?
0
What is the units digit of 23?
3
What is the thousands digit of 1344?
1
What is the hundreds digit of 51050?
0
What is the units digit of 4587?
7
What is the units digit of 16534?
4
What is the units digit of 19648?
8
What is the units digit of 14227?
7
What is the hundreds digit of 774?
7
What is the hundreds digit of 754?
7
What is the hundreds digit of 1965?
9
What is the units digit of 6109?
9
What is the hundreds digit of 7915?
9
What is the thousands digit of 1170?
1
What is the hundreds digit of 14004?
0
What is the units digit of 3290?
0
What is the hundreds digit of 876?
8
What is the thousands digit of 20867?
0
What is the units digit of 2032?
2
What is the thousands digit of 41701?
1
What is the tens digit of 1106?
0
What is the units digit of 611?
1
What is the thousands digit of 29529?
9
What is the tens digit of 7695?
9
What is the tens digit of 75691?
9
What is the hundreds digit of 1815?
8
What is the thousands digit of 9433?
9
What is the units digit of 22221?
1
What is the tens digit of 42415?
1
What is the hundreds digit of 279?
2
What is the tens digit of 25850?
5
What is the ten thousands digit of 135771?
3
What is the units digit of 29762?
2
What is the tens digit of 3939?
3
What is the thousands digit of 6086?
6
What is the thousands digit of 8045?
8
What is the hundreds digit of 1784?
7
What is the tens digit of 72948?
4
What is the tens digit of 6279?
7
What is the units digit of 210?
0
What is the hundreds digit of 4090?
0
What is the tens digit of 1313?
1
What is the hundreds digit of 527?
5
What is the units digit of 809?
9
What is the thousands digit of 15221?
5
What is the units digit of 2062?
2
What is the thousands digit of 22811?
2
What is the ten thousands digit of 94880?
9
What is the hundreds digit of 1052?
0
What is the ten thousands digit of 18363?
1
What is the tens digit of 6464?
6
What is the units digit of 3256?
6
What is the hundreds digit of 3088?
0
What is the tens digit of 346?
4
What is the hundreds digit of 4213?
2
What is the hundreds digit of 2870?
8
What is the units digit of 8144?
4
What is the hundreds digit of 1433?
4
What is the hundreds digit of 4753?
7
What is the units digit of 363?
3
What is the units digit of 714?
4
What is the thousands digit of 5101?
5
What is the thousands digit of 7775?
7
What is the tens digit of 45971?
7
What is the tens digit of 740?
4
What is the hundreds digit of 4995?
9
What is the hundreds digit of 12031?
0
What is the units digit of 3343?
3
What is the tens digit of 1638?
3
What is the thousands digit of 71571?
1
What is the units digit of 869?
9
What is the units digit of 9972?
2
What is the thousands digit of 3834?
3
What is the tens digit of 22196?
9
What is the ten thousands digit of 55129?
5
What is the hundreds digit of 432?
4
What is the tens digit of 5118?
1
What is the thousands digit of 25252?
5
What is the thousands digit of 33818?
3
What is the thousands digit of 5675?
5
What is the units digit of 125112?
2
What is the hundreds digit of 158254?
2
What is the tens digit of 24065?
6
What is the units digit of 9782?
2
What is the thousands digit of 8298?
8
What is the tens digit of 179619?
1
What is the units digit of 945?
5
What is the thousands